*b - 14 - 1 = 0. Suppose -2*q + r = 4. Give f(q).
2
Let m(w) be the third derivative of -w**6/120 + w**5/12 - w**4/24 + w**3/6 + w**2. Let n be (2 - (-30)/9) + 4/(-12). What is m(n)?
-4
Let c(g) = -7*g**2 + 5*g + 8. Let u(j) = -2*j**2 + 7*j + 2*j - 9*j**2 + 15 - 2*j**2. Let l(y) = 2*y. Let i be l(3). Let r(m) = i*u(m) - 11*c(m). Calculate r(0).
2
Let l(s) = 4*s**3 + 2*s - 1. Let z be l(1). Suppose -2*q - 4*b + 10 = -5*b, -z*q - b + 18 = 0. Let n(c) = c**2 - 2*c - 5. What is n(q)?
3
Let g(y) = 1. Let m(x) = -4 + 2 - 2*x - 3*x + 3*x. Let w(q) = -3*g(q) - m(q). Determine w(-1).
-3
Let k(c) = -c**2 + 2*c + 1. Suppose p - 5 = -3. Calculate k(p).
1
Let n be 4/3*48/16. Let b(g) be the first derivative of g**4/12 - g**3/3 - 5*g**2/2 - g - 1. Let d(p) be the first derivative of b(p). Give d(n).
3
Let s(q) = -q - 1. Let t(o) = 5*o + 19. Let k(m) = -6*s(m) - t(m). Determine k(6).
-7
Let l(q) = 7*q**2 - 7*q + 3. Let m(y) = -y**2. Let t(z) = l(z) + 6*m(z). Calculate t(5).
-7
Suppose 6 = -6*v + 6. Let o(w) be the third derivative of 0*w**5 + 1/120*w**6 - 4/3*w**3 + w**2 + 1/24*w**4 + 0*w + 0. Determine o(v).
-8
Let r = 0 - -1. Let b(o) = r + 0 + 0*o + 2*o. Let c be (-16)/4*3/(-12). Calculate b(c).
3
Let m(o) = o**3 - 7*o**2 - 8*o - 7. Suppose -3*j = -0*j - 24. Let s be m(j). Let y = s - -11. Let z(d) = d + 3. Give z(y).
7
Suppose -5*o + 3*s = 119, -3*o = -s + 61 + 8. Let x be o/8 - 9/(-12). Let l(d) = d + 2. Determine l(x).
0
Let i(z) = z**3 + z**2 + 9. Let w(s) = 3*s**2 - 9*s. Let u be w(3). Calculate i(u).
9
Let z(m) = m**2 + 2*m - 4. Suppose -3*v = 2*o - 6, -v = -o + 2*v - 15. Give z(o).
-1
Let j(d) = -3*d + 6 - 3*d - 2*d + 11*d. Determine j(-5).
-9
Let y(m) be the second derivative of -m**7/840 - m**6/60 - m**5/20 - m**4/24 + m**3 - m. Let t(z) be the second derivative of y(z). What is t(-5)?
4
Let i(a) = -a + 5. Let y be i(4). Suppose d - 6 = y. Suppose -d = -v - 3. Let h(b) = b - 4. Determine h(v).
0
Let h(f) be the third derivative of -f**5/60 + 5*f**4/24 - 4*f**2. Let m be h(4). Let t(x) = -x**3 + 4*x**2 - 2*x + 2. Determine t(m).
-6
Let x(q) = -5*q + q**2 + 1 - 2 + q**3 + 3*q**2. Suppose v = -r - 2*r + 4, 0 = 2*v - r + 13. Calculate x(v).
-1
Let h(s) be the third derivative of s**4/12 - s**3/2 + 7*s**2. What is h(4)?
5
Let z(v) = v + 2. Let n(c) = -c**2 + c + 1. Let w be n(-2). Let l(q) = q + 3. Let p be l(w). What is z(p)?
0
Suppose -5 = -4*x + 7. Let y be (-2)/x - 14/(-3). Let s(g) = -6 + y*g + 0*g + 0 - 3*g**2 + 2*g**2. Calculate s(4).
-6
Let b(i) = -4*i. Let t be 21/7 + 1*-1. Let q(z) = -5*z + 6*z - t*z. Let f(v) = 2*b(v) - 7*q(v). Determine f(-5).
5
Let b(i) = 2*i + 24. Let v(k) = k + 12. Let d(r) = 6*b(r) - 13*v(r). Determine d(-7).
-5
Let r = -373/40 - -75/8. Let u(x) be the second derivative of -x - 7/6*x**3 - 2*x**2 + 0 + r*x**5 + 1/3*x**4. What is u(-5)?
6
Let i be -3 - -1 - -4 - -3. Suppose i = 4*b - 5*b. Let z(g) = -g - 3. What is z(b)?
2
Let v(k) = k**2 - 4*k - 5. Let j(p) = -p**2 - 6*p**2 + 3*p**2 + 4*p + 3*p**2 + 6. Suppose -3*t = 2*t + 20. Let c(r) = t*j(r) - 5*v(r). What is c(3)?
4
Let m(k) = k**3 - 12*k**2 - 5*k - 2. Let w(o) = 2*o**3 - 25*o**2 - 11*o - 3. Let h(c) = -13*m(c) + 6*w(c). Determine h(6).
2
Let x(r) = r**3 + 1. Suppose -s + 4 = 1. Suppose -b + 0*b = 1. Let j be 0/(0 - b - s). Give x(j).
1
Suppose -2*o - 1 = -3*o. Let s(l) = 1 + l - o. Let j(d) = d**2 - 9*d + 4. Let x be j(8). What is s(x)?
-4
Suppose 3*o - 2*x - 15 = 0, 0 = 2*x + 1 + 5. Let g(y) = -y**2 + 4*y. Let h be g(o). Let r(n) = -2*n**2 + 0*n**2 + 1 - n**h - 2*n + 3*n. Calculate r(-2).
-1
Let x(h) = 2*h**2 - 4*h**2 + 6*h**2 + 2 + 7*h. Let r(n) = n**2 + n + 1. Let g(z) = 5*r(z) - x(z). What is g(2)?
3
Let f(k) = -82*k - 2*k**2 + 6 + 84*k + k**2. Give f(5).
-9
Let i be (-64)/8*-2*(-2)/8. Let q(t) = t**3 + 3*t**2 + 1. Determine q(i).
-15
Suppose -10 = -3*a - 2*a - 5*q, 5*q - 5 = 0. Let g(c) = -5*c**2 - 303*c + c**2 - 302*c + 605*c. Determine g(a).
-4
Let z(w) = w**3 - 6*w**2 + w. Let y(t) = 4*t + 2. Let q be y(1). What is z(q)?
6
Let n(k) = k**2 + 5*k + 1. Let z(h) = -h - 3*h + h + 4*h - h**2. Let m be z(3). What is n(m)?
7
Suppose -2*y + 12 = -0*y. Let h(b) = -b - 5. What is h(y)?
-11
Let o(d) = -5 - 14*d**2 - 14*d**2 - 11*d + 49*d**2 - 20*d**2. Calculate o(11).
-5
Let j(d) = d**2 - d - 1. Let i(w) = 2*w**2 - 8*w - 7. Let k(z) = i(z) - 3*j(z). What is k(-4)?
0
Let f(w) be the first derivative of w**7/840 + w**6/180 + w**5/40 + w**4/24 + w**3/3 - 6. Let x(q) be the third derivative of f(q). Give x(-2).
-5
Suppose -2*r = -r. Suppose 5*v - v = r. Let m(s) = s**2 - s + 6. Calculate m(v).
6
Let f(d) = -d + 1. Let c be f(4). Let m(k) = k**3 + 5*k**2 + 4*k. Determine m(c).
6
Suppose 0 = -o - 3*o + 8. Let j(g) = 4 + 0*g**2 - 5*g - 2*g**o + 3*g**2. Suppose 0 = -3*b + 9. What is j(b)?
-2
Let s(w) = 0*w - 10*w + 7*w - 2 - 4*w**2 - w**3. Calculate s(-3).
-2
Let a(w) = -w**2 + 5*w + 10. Let q(n) = -1. Let p = 1 - 5. Let k(h) = p*q(h) - a(h). Calculate k(6).
0
Let s(g) = -1 - 4*g**2 - 36*g + 3*g**2 + 30*g. What is s(-6)?
-1
Let a(s) = 6*s + 2. Let o be a(-1). Let y(x) = x**3 + 4*x**2 + 3*x + 10. Let z be y(o). Let g(n) = n**3 + 2*n**2 + n + 1. Give g(z).
-1
Let p(l) = -l. Let i = 4 + -5. Let g(x) = -x**3 + 5*x**2 - x + 3. Let z be g(5). Let a be (z - i*2) + -3. Determine p(a).
3
Let z(u) be the first derivative of -3*u**2 + u + 2. Let p = -4 + 3. Give z(p).
7
Let y(w) = 5*w - 1. Suppose 5*f + 3 - 29 = 4*z, z = 3*f - 10. Give y(f).
9
Suppose -5*j - 2*o - 4 = 1, 0 = -j - 2*o - 9. Suppose x + 3 = 1. Let z be (j - x)/(3/3). Let i(u) = -u**2 + u. What is i(z)?
-6
Let b(p) = -p**3 + 4*p**2 - 3. Let y be (2/(-2)*0)/(-1). Let l be ((-15)/6)/5*(-18 - 0). Suppose 3*g - l = -y. Calculate b(g).
6
Let x(k) be the third derivative of k**8/6720 - k**7/840 - k**6/180 - k**5/120 - k**4/8 + k**2. Let i(z) be the second derivative of x(z). Determine i(4).
-1
Suppose 4*g + 2*g = 12. Let v(r) be the first derivative of 1 + 1/4*r**4 - 1/3*r**3 - r - g*r**2. What is v(3)?
5
Let s(g) = -5*g**3 + 6*g - 5. Let l(o) = 0*o**2 - o**2 + 4*o**3 + 0*o + 6 - 6*o - 1. Let y(r) = -4*l(r) - 3*s(r). What is y(5)?
0
Let x(l) = -3*l + 11*l + 3*l - 2 + 7*l. Let v(a) = -9*a + 1. Let m(w) = -9*v(w) - 4*x(w). Calculate m(1).
8
Suppose 4*z = -5*a - 1, 4*z + 7 = -3*a - 0*z. Let o(i) = -28 + 27 + i**2 - 5*i**a + 0*i**3. Calculate o(-1).
5
Let p(g) = -2*g + 11 + 0*g**2 - g**2 + 2*g + g. Determine p(0).
11
Let k(x) = -10*x**2 + 1. Let q(c) = c**3 - 19*c**2 + 18*c - 1. Let y be q(18). Determine k(y).
-9
Let q(u) = u**2 + u + 9. Let p be (-8)/(-4) + -2 + 2. Suppose 0 = 3*a + 5*n - 15, 3*a + p*n - 3 - 3 = 0. Calculate q(a).
9
Let r(w) = 0 + w + 2 + 2. What is r(-6)?
-2
Let k(b) = -3*b**3 + b - 1. Let j(p) = -4*p**3 + p - 2. Let z(m) = 4*j(m) - 5*k(m). Suppose 0 = -2*d + 7*d. Determine z(d).
-3
Let l(v) be the first derivative of v**6/360 + v**5/40 - v**4/24 - 3*v**3 - 6. Let s(h) be the third derivative of l(h). What is s(-4)?
3
Let t(z) = z**2 + 7*z + 6. Let p be t(-7). Let j(l) = 3*l - 8. Calculate j(p).
10
Let m = 1 + 3. Let z(g) be the third derivative of 1/6*g**4 + 5/6*g**3 + 3*g**2 + 0 - 1/60*g**5 + 0*g. Determine z(m).
5
Let r = 6 + -31. Let j be (r/(-15))/((-1)/(-3)). Let w(s) = s + 2. Calculate w(j).
7
Let o(r) = r**2 - 3*r + 2. Let n(f) = -7*f**3 - 2*f + 1. Let w be n(1). Let l be w/10*(-15)/6. Suppose a + l = 2*a. Calculate o(a).
0
Let i be (3/(-9)*-3)/((-3)/18). Let a(p) = -2*p + 2. Give a(i).
14
Let l(i) be the second derivative of -i**3/6 - 2*i**2 - 20*i. Determine l(3).
-7
Let q = 0 - 0. Let w(z) = -3*z - 10. Let r(k) = -5*k - 15. Let c(h) = 5*r(h) - 8*w(h). Give c(q).
5
Let q be -9*(1 - -2 - 4). Suppose -4*h = -q*h. Let j(o) = o**3 + 2 + 1 - o + 0. Calculate j(h).
3
Let q be (-2)/5 - (-285)/25. Let j = 15 - q. Suppose 0 = 2*l - j*o + 10, 0 = 6*o - 2*o. Let u(m) = m**3 + 6*m**2 + 7*m + 7. Calculate u(l).
-3
Let j(c) = c**2 - 8*c + 3. Let x be (12 - 16)/((-2)/3). Calculate j(x).
-9
Let x(f) = -f**2 - 7*f - 4. Let k be x(-6). Suppose 2*t = t - k. Let b(i) be the second derivative of i**5/10 + i**4/3 + i**3/2 + i**2/2 - i. Give b(t).
-5
Let l(s) = -2*s**2 - 3*s - 5. Let k(q) = q**2 + 2*q + 3. Let n(p) = -9*k(p) - 4*l(p). Determine n(-5).
-2
Let p be 6/(-4)*-1*2. Suppose p*z = 7*z + 24. Let r(y) = y**3 + 5*y**2